{"id":1503,"date":"2020-01-28T17:11:13","date_gmt":"2020-01-28T17:11:13","guid":{"rendered":"http:\/\/www.heinolankauppahallit.fi\/?page_id=1503"},"modified":"2022-09-01T08:40:44","modified_gmt":"2022-09-01T08:40:44","slug":"contact-2","status":"publish","type":"page","link":"https:\/\/www.heinolankauppahallit.fi\/?page_id=1503","title":{"rendered":"Yhteystiedot"},"content":{"rendered":"<p><img decoding=\"async\" width=\"768\" height=\"96\" src=\"http:\/\/www.heinolankauppahallit.fi\/wp-content\/uploads\/2020\/08\/HKHpelkka_teksti-768x96.png\" alt=\"\" loading=\"lazy\" srcset=\"http:\/\/www.heinolankauppahallit.fi\/wp-content\/uploads\/2020\/08\/HKHpelkka_teksti-768x96.png 768w, http:\/\/www.heinolankauppahallit.fi\/wp-content\/uploads\/2020\/08\/HKHpelkka_teksti-300x38.png 300w, http:\/\/www.heinolankauppahallit.fi\/wp-content\/uploads\/2020\/08\/HKHpelkka_teksti-1024x128.png 1024w, http:\/\/www.heinolankauppahallit.fi\/wp-content\/uploads\/2020\/08\/HKHpelkka_teksti.png 1254w\" sizes=\"auto, (max-width: 768px) 100vw, 768px\" \/>\t\t\t\t\t\t\t\t\t\t\t\t\t\t<\/p>\n<h1>Ota yhteytt\u00e4<\/h1>\n<p>Soita, l\u00e4het\u00e4 s\u00e4hk\u00f6postia tai tule k\u00e4ym\u00e4\u00e4n! J\u00e4t\u00e4 ehdotuksia, palatutetta, ruusuja, risuja tai vaikka terveisi\u00e4. Olemme kiinnostuneita siit\u00e4 mit\u00e4 ajattelet Heinolan Kauppahalleista tai olisiko sinulla vaikkapa meille tuotevinkki tai -toive!&nbsp;<\/p>\n<p>\t\t\t\t<a href=\"#\"><br \/>\n\t\t\t\t\t\t\t\t<\/a><\/p>\n<h4>\n\t\t\t\t\t<a href=\"#\" ><br \/>\n\t\t\t\t\t\tSoita\t\t\t\t\t<\/a><br \/>\n\t\t\t\t<\/h4>\n<p>\n\t\t\t\t\t\t0447097094 \/ Kassa<br \/>0405603521\/ Juhani\n\t\t\t\t\t<\/p>\n<p>\t\t\t\t<a href=\"#\"><br \/>\n\t\t\t\t\t\t\t\t<\/a><\/p>\n<h4>\n\t\t\t\t\t<a href=\"#\" ><br \/>\n\t\t\t\t\t\tMeilaa\t\t\t\t\t<\/a><br \/>\n\t\t\t\t<\/h4>\n<p>\n\t\t\t\t\t\tjetta@heinolankauppahallit.fi<br \/>\nniina@heinolankauppahallit.fi\n\t\t\t\t\t<\/p>\n<p>\t\t\t\t<a href=\"#\"><br \/>\n\t\t\t\t\t\t\t\t<\/a><\/p>\n<h4>\n\t\t\t\t\t<a href=\"#\" ><br \/>\n\t\t\t\t\t\ttule k\u00e4ym\u00e4\u00e4n\t\t\t\t\t<\/a><br \/>\n\t\t\t\t<\/h4>\n<p>\n\t\t\t\t\t\tKausantie 1, 18600, Myllyoja, Heinola\t\t\t\t\t<\/p>\n<p>\t\t\t<iframe frameborder=\"0\" scrolling=\"no\" marginheight=\"0\" marginwidth=\"0\"\n\t\t\t\t\tsrc=\"https:\/\/maps.google.com\/maps?q=Kausantie%201%2C%2018600%20Heinola&#038;t=m&#038;z=10&#038;output=embed&#038;iwloc=near\"\n\t\t\t\t\ttitle=\"Kausantie 1, 18600 Heinola\"\n\t\t\t\t\taria-label=\"Kausantie 1, 18600 Heinola\"\n\t\t\t><\/iframe><\/p>\n","protected":false},"excerpt":{"rendered":"<p>Ota yhteytt\u00e4 Soita, l\u00e4het\u00e4 s\u00e4hk\u00f6postia tai tule k\u00e4ym\u00e4\u00e4n! J\u00e4t\u00e4 ehdotuksia, palatutetta, ruusuja, risuja tai vaikka terveisi\u00e4. Olemme kiinnostuneita siit\u00e4 mit\u00e4 ajattelet Heinolan Kauppahalleista tai olisiko sinulla vaikkapa meille tuotevinkki tai -toive!&nbsp; Soita 0447097094 \/ Kassa0405603521\/ Juhani Meilaa jetta@heinolankauppahallit.fi niina@heinolankauppahallit.fi tule k\u00e4ym\u00e4\u00e4n Kausantie 1, 18600, Myllyoja, Heinola<\/p>\n","protected":false},"author":1,"featured_media":0,"parent":0,"menu_order":0,"comment_status":"closed","ping_status":"closed","template":"","meta":{"site-sidebar-layout":"no-sidebar","site-content-layout":"plain-container","ast-site-content-layout":"default","site-content-style":"default","site-sidebar-style":"default","ast-global-header-display":"","ast-banner-title-visibility":"","ast-main-header-display":"","ast-hfb-above-header-display":"","ast-hfb-below-header-display":"","ast-hfb-mobile-header-display":"","site-post-title":"disabled","ast-breadcrumbs-content":"disabled","ast-featured-img":"disabled","footer-sml-layout":"disabled","theme-transparent-header-meta":"enabled","adv-header-id-meta":"","stick-header-meta":"default","header-above-stick-meta":"","header-main-stick-meta":"","header-below-stick-meta":"","astra-migrate-meta-layouts":"default","ast-page-background-enabled":"default","ast-page-background-meta":{"desktop":{"background-color":"","background-image":"","background-repeat":"repeat","background-position":"center center","background-size":"auto","background-attachment":"scroll","background-type":"","background-media":"","overlay-type":"","overlay-color":"","overlay-opacity":"","overlay-gradient":""},"tablet":{"background-color":"","background-image":"","background-repeat":"repeat","background-position":"center center","background-size":"auto","background-attachment":"scroll","background-type":"","background-media":"","overlay-type":"","overlay-color":"","overlay-opacity":"","overlay-gradient":""},"mobile":{"background-color":"","background-image":"","background-repeat":"repeat","background-position":"center center","background-size":"auto","background-attachment":"scroll","background-type":"","background-media":"","overlay-type":"","overlay-color":"","overlay-opacity":"","overlay-gradient":""}},"ast-content-background-meta":{"desktop":{"background-color":"var(--ast-global-color-5)","background-image":"","background-repeat":"repeat","background-position":"center center","background-size":"auto","background-attachment":"scroll","background-type":"","background-media":"","overlay-type":"","overlay-color":"","overlay-opacity":"","overlay-gradient":""},"tablet":{"background-color":"var(--ast-global-color-5)","background-image":"","background-repeat":"repeat","background-position":"center center","background-size":"auto","background-attachment":"scroll","background-type":"","background-media":"","overlay-type":"","overlay-color":"","overlay-opacity":"","overlay-gradient":""},"mobile":{"background-color":"var(--ast-global-color-5)","background-image":"","background-repeat":"repeat","background-position":"center center","background-size":"auto","background-attachment":"scroll","background-type":"","background-media":"","overlay-type":"","overlay-color":"","overlay-opacity":"","overlay-gradient":""}},"footnotes":""},"class_list":["post-1503","page","type-page","status-publish","hentry"],"_links":{"self":[{"href":"https:\/\/www.heinolankauppahallit.fi\/index.php?rest_route=\/wp\/v2\/pages\/1503","targetHints":{"allow":["GET"]}}],"collection":[{"href":"https:\/\/www.heinolankauppahallit.fi\/index.php?rest_route=\/wp\/v2\/pages"}],"about":[{"href":"https:\/\/www.heinolankauppahallit.fi\/index.php?rest_route=\/wp\/v2\/types\/page"}],"author":[{"embeddable":true,"href":"https:\/\/www.heinolankauppahallit.fi\/index.php?rest_route=\/wp\/v2\/users\/1"}],"replies":[{"embeddable":true,"href":"https:\/\/www.heinolankauppahallit.fi\/index.php?rest_route=%2Fwp%2Fv2%2Fcomments&post=1503"}],"version-history":[{"count":28,"href":"https:\/\/www.heinolankauppahallit.fi\/index.php?rest_route=\/wp\/v2\/pages\/1503\/revisions"}],"predecessor-version":[{"id":2143,"href":"https:\/\/www.heinolankauppahallit.fi\/index.php?rest_route=\/wp\/v2\/pages\/1503\/revisions\/2143"}],"wp:attachment":[{"href":"https:\/\/www.heinolankauppahallit.fi\/index.php?rest_route=%2Fwp%2Fv2%2Fmedia&parent=1503"}],"curies":[{"name":"wp","href":"https:\/\/api.w.org\/{rel}","templated":true}]}}